der when o(-19) is divided by 20?
12
Let b(k) = -k**2 + 14*k - 28. Let f be b(11). Suppose 100 = f*p - 2*g - 51, g + 122 = 4*p. What is the remainder when 46 is divided by p?
15
Suppose 5*t - 1932 = -2*t. Let j = t - 208. What is the remainder when j is divided by 10?
8
Let t = 5 + 32. Let h = 365 - 292. What is the remainder when h is divided by t?
36
Suppose -24 = 3*w + 3*d, -2 = -d - 7. Let g(j) = 3*j**2 - j. What is the remainder when 118 is divided by g(w)?
28
Suppose 0 = -r + b - 3*b - 1016, 4*b - 4004 = 4*r. Let u = r - -1475. What is the remainder when 21 is divided by 4/(-10) + u/35?
8
Suppose 188 = z - 5*l - 141, -l = -4. What is the remainder when z is divided by 27?
25
Suppose 5*l = -4*b + 1321, l - 583 = -4*b + 734. What is the remainder when b is divided by 66?
65
Suppose -621 = 2*c - 637. Let o be (-12)/5*(-5)/1. Suppose -o = -a - a. What is the remainder when c is divided by a?
2
What is the remainder when 151 is divided by (-570)/(-10) + 40/4?
17
Calculate the remainder when -1*(15 - 16)/(1/991) is divided by 320.
31
What is the remainder when 1201 is divided by (364/50)/((-105)/(-3150)) + 4/(-10)?
111
Suppose 52*m + 240*m = 17228. Calculate the remainder when 466 is divided by m.
53
Suppose 28305 = 120*y - 69*y. Calculate the remainder when y is divided by 86.
39
Let y(w) = 2*w**2 + 8*w + 48. Let g be y(-8). Let v = 147 - g. Calculate the remainder when 103 is divided by v.
33
Let a = -368 - -541. Suppose -6*n + 763 = -341. Suppose -26 = -6*w + n. Calculate the remainder when a is divided by w.
33
Let b = 12 - -9. Calculate the remainder when 54 is divided by 14/b*15 + -3.
5
Let d = 17542 - 17416. What is the remainder when 257 is divided by d?
5
Let o = -9313 - -25103. Calculate the remainder when o is divided by 135.
130
Suppose 0*q = -5*i - 3*q + 112, -2*i + 43 = 3*q. Suppose 2*r - 3*p + 38 = p, -p = r + 25. Let b = r - -91. What is the remainder when b is divided by i?
22
Let t(w) be the first derivative of w**3/3 - 5*w**2 + 37*w + 38. Let g be t(11). Suppose 11*j - g = 10*j. What is the remainder when j is divided by 13?
9
Suppose f - 5*h = 11, 0 = -4*f + 2763*h - 2765*h + 22. Calculate the remainder when 1259 is divided by f.
5
What is the remainder when 690 is divided by 3/(45/(-40))*-36?
18
Suppose -19*x = 3*x - 374. Calculate the remainder when 3634 is divided by x.
13
Suppose 6*y - 7*y = -w - 326, 4*y + 2*w = 1280. Calculate the remainder when y is divided by 45.
7
Let d(j) be the second derivative of j**3/2 - 16*j**2 - 52*j. Calculate the remainder when 20 is divided by d(13).
6
Suppose 3 + 1 = 2*d. Suppose 5*l = -o + 22, 4*l = -o - d*o + 66. Let r(g) = 2318*g + 6962. Calculate the remainder when o is divided by r(-3).
6
Let f be (-6)/(-1)*((-89)/(-6) + -6). Suppose -210 = 46*s - f*s. What is the remainder when 58 is divided by s?
28
Let y(o) = 2*o**3 + 3*o**2 + o - 5. Let r(b) = -b**2 - b - 1. Let c(q) = 2*r(q) - y(q). Let a = -1001 + 997. Calculate the remainder when c(a) is divided by 22.
19
Let o(u) = -104*u**3 - u. Suppose 6*t = 12 - 0. Suppose 5*i + l - 137 = 0, 3*i - 73 = t*l + 2*l. Calculate the remainder when o(-1) is divided by i.
24
Let n(l) = -l**3 - 5*l**2 + 7*l + 14. Let d be n(-6). Let p(x) = x**3 - 6*x**2 + 2*x - 16. What is the remainder when p(d) is divided by 36?
20
Suppose 48*y = 33244 + 23348. Calculate the remainder when y is divided by 320.
219
Suppose -c = -4*i, 5*i - 8*i + c = 1. Calculate the remainder when 105 is divided by ((9*-1)/i)/((-270)/540).
15
Let l be 1*-132 - -5 - 8. Calculate the remainder when 828 is divided by (-498)/(-15)*l/(-54).
81
Suppose 0 = -4*g + h + 7829, -14*g = -11*g + 5*h - 5866. What is the remainder when g is divided by 22?
21
Let v(n) = -n**2 + 38*n - 38. Let m be v(19). Suppose -m = -5*z + 127. Let t = z + -28. Calculate the remainder when t is divided by 16.
14
Let b = -36 + 55. Let q(m) = 8*m - 9. Let y = -278 - -280. What is the remainder when b is divided by q(y)?
5
Suppose 7*g = 129 + 4330. Let s = g - 557. Calculate the remainder when s is divided by 29.
22
Let o be 100*(-5 + (14/8 - -4)). Suppose -4*r = -o - 169. Calculate the remainder when 426 is divided by r.
60
Let w = 7224 + -6979. Let l(y) = y**3 + 10*y**2 + 10*y - 7. Calculate the remainder when w is divided by l(-8).
40
Let b(v) = 27*v**2 + 49*v**2 + 3*v**3 - 616 + 25*v + 653. Calculate the remainder when 138 is divided by b(-25).
27
Let q(z) = z**2 - 5*z + 39. Let m(s) = -s**3 + 3*s**2 - 4*s + 2. Let f be m(1). What is the remainder when q(f) is divided by (4 - -5) + 2/(-2)?
7
What is the remainder when 1022 is divided by (-22)/(-5) - 4/20*(-3 + 5)?
2
Calculate the remainder when (-4)/50 + 1778/350 - -152 is divided by 85.
72
Suppose 23*i = 33*i - 100. What is the remainder when 3*i/(-15)*105/(-5) is divided by 9?
6
Let o = -833 - -844. Let s(p) = p**3 - 9*p**2 + 4*p + 5. What is the remainder when s(9) is divided by o?
8
Let o be (2 - 4)/4*0. Suppose -3*h + 30 + 3 = o. Let v = 56 + -49. What is the remainder when h is divided by v?
4
Let w = -220 - -228. Let l(j) = -17*j + 158. What is the remainder when 175 is divided by l(w)?
21
Let p = -552 + 712. Suppose -10*a + p = -80. Calculate the remainder when a is divided by 13.
11
Let r = 185 - 39. Let c = -3624 + 3673. What is the remainder when r is divided by c?
48
Suppose 3*o = 3*v + 36, 5*o - 165 + 65 = -5*v. Suppose -3*n + 182 = -n. Calculate the remainder when n is divided by o.
11
Let f(n) = -n + 6. Let q be (-1)/1*1/(3 - 4). Let k be f(q). Suppose -k*a + 56 = -14. Calculate the remainder when 24 is divided by a.
10
Let s = -238 - -290. Let o = -42 + s. Calculate the remainder when o is divided by 7.
3
Suppose 0 = -568*v + 11243 + 70549. Calculate the remainder when 23037 is divided by v.
141
Suppose 4*s - 1419 = -7*s. Let l = -109 + s. Calculate the remainder when 97 is divided by l.
17
What is the remainder when 150/(((-8)/10)/((-6)/15)) is divided by 7?
5
Suppose -297 + 57 = 10*z. Calculate the remainder when (-6402)/z - (-3)/12 is divided by 15.
12
Let t = -32 - -44. Suppose t*d = 11*d + 31. Calculate the remainder when d is divided by 16.
15
Suppose 9*g - 210 = -795. Let i = -35 - g. Let z = i - 23. What is the remainder when 32 is divided by z?
4
What is the remainder when 354/5*(219 + -24)/13 is divided by 38?
36
What is the remainder when (-95)/190 + 1414/4 is divided by 86?
9
Let w(g) = -5*g - 20. Let b be w(-5). Suppose 36 = r + r. Suppose -b*m + r = -32. Calculate the remainder when m is divided by 6.
4
Let v(n) = -n**3 - 5*n**2 + 33*n. Suppose 4*r - 328 = 5*i + 69, -5*i - 88 = -r. Calculate the remainder when r is divided by v(-9).
22
Suppose 13*a - 5*a = 1288. Suppose -4*z + a = 5*b, 7*z + 3*b = 12*z - 155. Calculate the remainder when 123 is divided by z.
21
Suppose 3*q + 663 = -3*t - 201, -3*t + q - 852 = 0. Let d = -156 - t. Suppose -d = -r + 26. Calculate the remainder when r is divided by 12.
11
Suppose -k + 27 = -50. Suppose -7*f + c = -5*f - 110, 3*c - 275 = -5*f. Suppose -211 = -12*t - f. What is the remainder when k is divided by t?
12
Let r(h) = 299*h + 1203. Calculate the remainder when 45 is divided by r(-4).
3
Let l(u) = -u**3 + 7*u**2 - 2*u - 5. Suppose -34*n + 11139 + 9363 = 0. Let m = -500 + n. What is the remainder when m is divided by l(5)?
33
Let j(a) be the third derivative of a**5/60 + a**4/24 - 11*a**3/6 + 44*a**2. Calculate the remainder when 51 is divided by j(-5).
6
What is the remainder when (10/(-8))/(5/(-380)) is divided by (-3)/(42/(-136))*4*(-91)/(-104)?
27
Suppose -94 = 3*n - 5*r - 334, -320 = -4*n + 5*r. Let i = n - 49. What is the remainder when 20/(-8) + 121/2 is divided by i?
27
Let r = -29 + 42. Suppose -r*s = -14*s + 15. Suppose s*c - 20*c = -15. Calculate the remainder when c is divided by 1.
0
Let p(a) = 4*a**2 - 44*a - 8. Let y be p(13). Suppose 4*t - y = -4*b, -b + 5*t - 44 = -2*b. Calculate the remainder when 56 is divided by b.
18
Let n(c) = -c**2 + 24*c + 9. Suppose -q + 0*q = -o - 1, q + 5*o - 31 = 0. Calculate the remainder when n(q) is divided by 15.
12
Let h = 16630 - 16576. What is the remainder when 2114 is divided by h?
8
Suppose 1030*s = 968*s + 1291398. Calculate the remainder when s is divided by 22.
17
Suppose -826 = 3*a - 2*o, a + 129 = 3*o - 144. Let q = 160 + a. What